factors of 24148.
2, 6037
List the prime factors of 10951.
47, 233
List the prime factors of 15475.
5, 619
What are the prime factors of 55264?
2, 11, 157
What are the prime factors of 879?
3, 293
What are the prime factors of 10009?
10009
List the prime factors of 7695.
3, 5, 19
List the prime factors of 2378.
2, 29, 41
List the prime factors of 2364.
2, 3, 197
List the prime factors of 3024.
2, 3, 7
What are the prime factors of 9995?
5, 1999
What are the prime factors of 101?
101
What are the prime factors of 1563?
3, 521
What are the prime factors of 10?
2, 5
List the prime factors of 7226.
2, 3613
List the prime factors of 567.
3, 7
What are the prime factors of 2103?
3, 701
What are the prime factors of 65508?
2, 3, 53, 103
List the prime factors of 1459.
1459
What are the prime factors of 143762?
2, 71881
What are the prime factors of 337?
337
What are the prime factors of 2262?
2, 3, 13, 29
List the prime factors of 194.
2, 97
What are the prime factors of 15626?
2, 13, 601
List the prime factors of 35116.
2, 8779
What are the prime factors of 1696?
2, 53
What are the prime factors of 1390?
2, 5, 139
What are the prime factors of 88254?
2, 3, 4903
What are the prime factors of 10495?
5, 2099
What are the prime factors of 70?
2, 5, 7
What are the prime factors of 1944?
2, 3
What are the prime factors of 16348?
2, 61, 67
List the prime factors of 47177.
13, 19, 191
List the prime factors of 683.
683
List the prime factors of 359.
359
List the prime factors of 229.
229
What are the prime factors of 9285?
3, 5, 619
What are the prime factors of 10974?
2, 3, 31, 59
What are the prime factors of 2857?
2857
List the prime factors of 1622.
2, 811
List the prime factors of 21741.
3, 7247
List the prime factors of 2536.
2, 317
List the prime factors of 1356.
2, 3, 113
List the prime factors of 1126.
2, 563
List the prime factors of 568.
2, 71
What are the prime factors of 1509?
3, 503
What are the prime factors of 3975?
3, 5, 53
List the prime factors of 1047.
3, 349
List the prime factors of 24447.
3, 29, 281
List the prime factors of 4846.
2, 2423
List the prime factors of 78448.
2, 4903
What are the prime factors of 92182?
2, 46091
What are the prime factors of 773?
773
List the prime factors of 247.
13, 19
What are the prime factors of 81426?
2, 3, 41, 331
What are the prime factors of 4832?
2, 151
What are the prime factors of 68098?
2, 79, 431
What are the prime factors of 138440?
2, 5, 3461
What are the prime factors of 8784?
2, 3, 61
List the prime factors of 1172.
2, 293
What are the prime factors of 793?
13, 61
What are the prime factors of 7218?
2, 3, 401
List the prime factors of 777.
3, 7, 37
What are the prime factors of 196847?
7, 61, 461
What are the prime factors of 11560?
2, 5, 17
What are the prime factors of 1510?
2, 5, 151
List the prime factors of 25733.
25733
List the prime factors of 4020.
2, 3, 5, 67
List the prime factors of 3030.
2, 3, 5, 101
What are the prime factors of 85429?
85429
List the prime factors of 20866.
2, 10433
What are the prime factors of 3712?
2, 29
What are the prime factors of 4717?
53, 89
List the prime factors of 50180.
2, 5, 13, 193
List the prime factors of 17879.
19, 941
What are the prime factors of 26536?
2, 31, 107
List the prime factors of 322.
2, 7, 23
What are the prime factors of 19171?
19, 1009
What are the prime factors of 13118?
2, 7, 937
What are the prime factors of 137443?
137443
What are the prime factors of 17802?
2, 3, 23, 43
What are the prime factors of 5870?
2, 5, 587
What are the prime factors of 841?
29
What are the prime factors of 21996?
2, 3, 13, 47
What are the prime factors of 851?
23, 37
What are the prime factors of 12251?
12251
List the prime factors of 109447.
13, 8419
List the prime factors of 156063.
3, 52021
List the prime factors of 129245.
5, 25849
List the prime factors of 27529.
27529
List the prime factors of 5878.
2, 2939
What are the prime factors of 13588?
2, 43, 79
List the prime factors of 59031.
3, 7, 937
List the prime factors of 29769.
3, 9923
List the prime factors of 3620.
2, 5, 181
List the prime factors of 8822.
2, 11, 401
List the prime factors of 718.
2, 359
List the prime factors of 71064.
2, 3, 7, 47
What are the prime factors of 7541?
7541
List the prime factors of 10695.
3, 5, 23, 31
List the prime factors of 2837.
2837
What are the prime factors of 6779?
6779
List the prime factors of 16875.
3, 5
List the prime factors of 857.
857
List the prime factors of 11134.
2, 19, 293
What are the prime factors of 20778?
2, 3, 3463
List the prime factors of 18886.
2, 7, 19, 71
List the prime factors of 3233.
53, 61
What are the prime factors of 1077?
3, 359
What are the prime factors of 9724?
2, 11, 13, 17
What are the prime factors of 66458?
2, 7, 47, 101
List the prime factors of 10889.
10889
List the prime factors of 2639.
7, 13, 29
List the prime factors of 19080.
2, 3, 5, 53
What are the prime factors of 51252?
2, 3, 4271
List the prime factors of 17756.
2, 23, 193
What are the prime factors of 3440?
2, 5, 43
List the prime factors of 37241.
167, 223
What are the prime factors of 168385?
5, 7, 17, 283
List the prime factors of 549.
3, 61
What are the prime factors of 731?
17, 43
List the prime factors of 321.
3, 107
List the prime factors of 12491.
12491
What are the prime factors of 779?
19, 41
List the prime factors of 65890.
2, 5, 11, 599
List the prime factors of 10007.
10007
List the prime factors of 37795.
5, 7559
List the prime factors of 1619.
1619
List the prime factors of 7915.
5, 1583
List the prime factors of 16283.
19, 857
List the prime factors of 1811.
1811
List the prime factors of 681.
3, 227
What are the prime factors of 1124?
2, 281
What are the prime factors of 91716?
2, 3, 7643
What are the prime factors of 265?
5, 53
What are the prime factors of 377?
13, 29
List the prime factors of 50675.
5, 2027
List the prime factors of 456.
2, 3, 19
What are the prime factors of 7362?
2, 3, 409
What are the prime factors of 1207?
17, 71
What are the prime factors of 117?
3, 13
What are the prime factors of 2378?
2, 29, 41
List the prime factors of 780.
2, 3, 5, 13
What are the prime factors of 56140?
2, 5, 7, 401
What are the prime factors of 9637?
23, 419
What are the prime factors of 4712?
2, 19, 31
What are the prime factors of 2741?
2741
What are the prime factors of 63306?
2, 3, 3517
List the prime factors of 4700.
2, 5, 47
List the prime factors of 2757.
3, 919
What are the prime factors of 237?
3, 79
List the prime factors of 430.
2, 5, 43
What are the prime factors of 42944?
2, 11, 61
What are the prime factors of 628?
2, 157
What are the prime factors of 2614?
2, 1307
What are the prime factors of 3405?
3, 5, 227
List the prime factors of 6137.
17, 19
List the prime factors of 4769.
19, 251
List the prime factors of 36142.
2, 17, 1063
List the prime factors of 1978.
2, 23, 43
List the prime factors of 331.
331
What are the prime factors of 28249?
13, 41, 53
What are the prime factors of 57148?
2, 7, 13, 157
List the prime factors of 29039.
71, 409
List the prime factors of 846.
2, 3, 47
List the prime factors of 21042.
2, 3, 7, 167
List the prime factors of 41725.
5, 1669
What are the prime factors of 21151?
13, 1627
What are the prime factors of 11078?
2, 29, 191
List the prime factors of 1071.
3, 7, 17
List the prime factors of 6164.
2, 23, 67
List the prime factors of 1135.
5, 227
What are the prime factors of 43539?
3, 23, 631
What are the prime factors of 831?
3, 277
What are the prime factors of 10023?
3, 13, 257
What are the prime factors of 281?
281
List the prime factors of 60766.
2, 23, 1321
List the prime factors of 52261.
11, 4751
What are the prime factors of 1363?
29, 47
What are the prime factors of 4634?
2, 7, 331
What are the prime factors of 1141?
7, 163
List the prime factors of 108062.
2, 71, 761
What are the prime factors of 1568?
2, 7
What are the prime factors of 37909?
167, 227
What are the prime factors of 4154?
2, 31, 67
List the prime factors of 16518.
2, 3, 2753
What are the prime factors of 4979?
13, 383
List the prime factors of 4401.
3, 163
What are the prime factors of 1393?
7, 199
List the prime factors of 5829.
3, 29, 67
List the prime factors of 138352.
2, 8647
What are the prime factor